{"id":352,"date":"2024-08-16T19:01:54","date_gmt":"2024-08-16T19:01:54","guid":{"rendered":"https:\/\/3d8.se\/?post_type=product&#038;p=352"},"modified":"2024-08-16T19:02:50","modified_gmt":"2024-08-16T19:02:50","slug":"starlink-mini-faste-med-sugproppar-i-abs","status":"publish","type":"product","link":"https:\/\/3d8.se\/?product=starlink-mini-faste-med-sugproppar-i-abs","title":{"rendered":"Starlink Mini f\u00e4ste med sugproppar i ABS"},"content":{"rendered":"<p data-sourcepos=\"3:1-3:27\"><strong>Upplev friheten med oavbruten uppkoppling var du \u00e4n \u00e4r!<\/strong><\/p>\n<p data-sourcepos=\"3:1-3:27\"><strong><img loading=\"lazy\" decoding=\"async\" class=\"size-medium wp-image-345 alignleft\" src=\"https:\/\/3d8.se\/wp-content\/uploads\/2024\/08\/img_2537-251x300.jpg\" alt=\"\" width=\"251\" height=\"300\" srcset=\"https:\/\/3d8.se\/wp-content\/uploads\/2024\/08\/img_2537-251x300.jpg 251w, https:\/\/3d8.se\/wp-content\/uploads\/2024\/08\/img_2537-858x1024.jpg 858w, https:\/\/3d8.se\/wp-content\/uploads\/2024\/08\/img_2537-768x917.jpg 768w, https:\/\/3d8.se\/wp-content\/uploads\/2024\/08\/img_2537-1286x1536.jpg 1286w, https:\/\/3d8.se\/wp-content\/uploads\/2024\/08\/img_2537-600x716.jpg 600w, https:\/\/3d8.se\/wp-content\/uploads\/2024\/08\/img_2537.jpg 1675w\" sizes=\"auto, (max-width: 251px) 100vw, 251px\" \/><\/strong><\/p>\n<p data-sourcepos=\"5:1-5:70\">Med i3d8se.kinsta.cloud:s innovativa Starlink Mini F\u00f6nsterh\u00e5llare blir din satellitinternet-upplevelse enklare och smidigare \u00e4n n\u00e5gonsin. Den h\u00e4r smarta h\u00e5llaren \u00e4r speciellt designad f\u00f6r att h\u00e5lla din Starlink mini-disk stabil och riktad mot r\u00e4tt h\u00e5ll, \u00e4ven n\u00e4r du \u00e4r p\u00e5 resande fot.<\/p>\n<p data-sourcepos=\"7:1-7:37\"><strong>Varf\u00f6r v\u00e4lja i3d8se.kinsta.cloud Starlink Mini F\u00f6nsterh\u00e5llare?<\/strong><\/p>\n<ul data-sourcepos=\"9:1-13:37\">\n<li data-sourcepos=\"9:1-9:114\"><strong>Optimerad signal:<\/strong> Maximera din internet-hastighet och minimera buffring med v\u00e5r precisionsdesignade h\u00e5llare.<\/li>\n<li data-sourcepos=\"10:1-10:107\"><strong>Enkel installation:<\/strong> F\u00e4st h\u00e5llaren snabbt och enkelt p\u00e5 ditt fordons f\u00f6nster f\u00f6r omedelbar anv\u00e4ndning.<\/li>\n<li data-sourcepos=\"11:1-11:109\"><strong>Robust och h\u00e5llbar:<\/strong> Tillverkad av h\u00f6gkvalitativa material f\u00f6r att klara \u00e4ven de tuffaste f\u00f6rh\u00e5llandena.<\/li>\n<li data-sourcepos=\"12:1-12:91\"><strong>Stilren design:<\/strong> Komplettera din fordons interi\u00f6r med v\u00e5r snygga och diskreta h\u00e5llare.<\/li>\n<li data-sourcepos=\"13:1-13:37\"><strong>Perfekt f\u00f6r nomader:<\/strong> Ta med dig ditt Starlink-system vart du \u00e4n \u00e5ker och njut av p\u00e5litlig uppkoppling \u00f6verallt.<\/li>\n<\/ul>\n<p>Tillverkad i ABS, finns \u00e4ven i vitt samt PETG.<\/p>\n<p data-sourcepos=\"15:1-15:88\"><strong>S\u00e4g adj\u00f6 till d\u00e5lig t\u00e4ckning och v\u00e4lkommen till en v\u00e4rld av obegr\u00e4nsade m\u00f6jligheter!<\/strong><\/p>\n<p data-sourcepos=\"17:1-17:85\"><strong>Best\u00e4ll din i3d8se.kinsta.cloud Starlink Mini F\u00f6nsterh\u00e5llare idag och upplev skillnaden sj\u00e4lv!<\/strong><\/p>\n<p data-sourcepos=\"17:1-17:85\"><img loading=\"lazy\" decoding=\"async\" class=\"size-medium wp-image-335 alignleft\" src=\"https:\/\/3d8.se\/wp-content\/uploads\/2024\/08\/img_2554-300x237.jpg\" alt=\"\" width=\"300\" height=\"237\" srcset=\"https:\/\/3d8.se\/wp-content\/uploads\/2024\/08\/img_2554-300x237.jpg 300w, https:\/\/3d8.se\/wp-content\/uploads\/2024\/08\/img_2554-1024x808.jpg 1024w, https:\/\/3d8.se\/wp-content\/uploads\/2024\/08\/img_2554-768x606.jpg 768w, https:\/\/3d8.se\/wp-content\/uploads\/2024\/08\/img_2554-1536x1212.jpg 1536w, https:\/\/3d8.se\/wp-content\/uploads\/2024\/08\/img_2554-600x473.jpg 600w, https:\/\/3d8.se\/wp-content\/uploads\/2024\/08\/img_2554.jpg 2000w\" sizes=\"auto, (max-width: 300px) 100vw, 300px\" \/><img loading=\"lazy\" decoding=\"async\" class=\"alignnone size-medium wp-image-347\" src=\"https:\/\/3d8.se\/wp-content\/uploads\/2024\/08\/img_2546-225x300.jpg\" alt=\"\" width=\"225\" height=\"300\" srcset=\"https:\/\/3d8.se\/wp-content\/uploads\/2024\/08\/img_2546-225x300.jpg 225w, https:\/\/3d8.se\/wp-content\/uploads\/2024\/08\/img_2546-768x1024.jpg 768w, https:\/\/3d8.se\/wp-content\/uploads\/2024\/08\/img_2546-1152x1536.jpg 1152w, https:\/\/3d8.se\/wp-content\/uploads\/2024\/08\/img_2546-600x800.jpg 600w, https:\/\/3d8.se\/wp-content\/uploads\/2024\/08\/img_2546.jpg 1500w\" sizes=\"auto, (max-width: 225px) 100vw, 225px\" \/><\/p>\n","protected":false},"excerpt":{"rendered":"<p>Tillverkat av h\u00f6gkvalitativ ABS-plast, garanterar v\u00e5rt v\u00e4ggf\u00e4ste b\u00e5de h\u00e5llbarhet och elegans. Detta material \u00e4r inte bara starkt och slitstarkt, men det \u00e4r ocks\u00e5 l\u00e4tt att reng\u00f6ra och underh\u00e5lla, vilket s\u00e4kerst\u00e4ller att ditt v\u00e4ggf\u00e4ste ser nytt ut \u00e5r efter \u00e5r.<\/p>\n","protected":false},"featured_media":346,"comment_status":"open","ping_status":"closed","template":"","meta":[],"product_brand":[],"product_cat":[16],"product_tag":[],"class_list":{"0":"post-352","1":"product","2":"type-product","3":"status-publish","4":"has-post-thumbnail","6":"product_cat-okategoriserad","7":"product_shipping_class-paket-med-sparning","9":"first","10":"instock","11":"taxable","12":"shipping-taxable","13":"purchasable","14":"product-type-simple"},"jetpack_sharing_enabled":true,"_links":{"self":[{"href":"https:\/\/3d8.se\/index.php?rest_route=\/wp\/v2\/product\/352","targetHints":{"allow":["GET"]}}],"collection":[{"href":"https:\/\/3d8.se\/index.php?rest_route=\/wp\/v2\/product"}],"about":[{"href":"https:\/\/3d8.se\/index.php?rest_route=\/wp\/v2\/types\/product"}],"replies":[{"embeddable":true,"href":"https:\/\/3d8.se\/index.php?rest_route=%2Fwp%2Fv2%2Fcomments&post=352"}],"wp:featuredmedia":[{"embeddable":true,"href":"https:\/\/3d8.se\/index.php?rest_route=\/wp\/v2\/media\/346"}],"wp:attachment":[{"href":"https:\/\/3d8.se\/index.php?rest_route=%2Fwp%2Fv2%2Fmedia&parent=352"}],"wp:term":[{"taxonomy":"product_brand","embeddable":true,"href":"https:\/\/3d8.se\/index.php?rest_route=%2Fwp%2Fv2%2Fproduct_brand&post=352"},{"taxonomy":"product_cat","embeddable":true,"href":"https:\/\/3d8.se\/index.php?rest_route=%2Fwp%2Fv2%2Fproduct_cat&post=352"},{"taxonomy":"product_tag","embeddable":true,"href":"https:\/\/3d8.se\/index.php?rest_route=%2Fwp%2Fv2%2Fproduct_tag&post=352"}],"curies":[{"name":"wp","href":"https:\/\/api.w.org\/{rel}","templated":true}]}}