{"id":282,"date":"2023-12-04T13:07:09","date_gmt":"2023-12-04T13:07:09","guid":{"rendered":"https:\/\/3d8.se\/?post_type=product&#038;p=282"},"modified":"2025-02-17T00:02:33","modified_gmt":"2025-02-17T00:02:33","slug":"vaggfaste-snowracer-light","status":"publish","type":"product","link":"https:\/\/3d8.se\/?product=vaggfaste-snowracer-light","title":{"rendered":"V\u00e4ggf\u00e4ste SnowRacer Light"},"content":{"rendered":"<p>Uppt\u00e4ck v\u00e5rt revolutionerande v\u00e4ggf\u00e4ste f\u00f6r snow racers \u2013 den perfekta l\u00f6sningen f\u00f6r att f\u00f6rvara din \u00e4lskade vinterutrustning! V\u00e5rt v\u00e4ggf\u00e4ste light \u00e4r skr\u00e4ddarsytt f\u00f6r att passa b\u00e5de raka och sv\u00e4ngda skidor, vilket ger dig den m\u00e5ngsidighet och anpassning du beh\u00f6ver f\u00f6r alla typer av snow racers.<\/p>\n<p>Tillverkat av h\u00f6gkvalitativ ABS-plast, garanterar v\u00e5rt v\u00e4ggf\u00e4ste b\u00e5de h\u00e5llbarhet och elegans. Detta material \u00e4r inte bara starkt och slitstarkt, men det \u00e4r ocks\u00e5 l\u00e4tt att reng\u00f6ra och underh\u00e5lla, vilket s\u00e4kerst\u00e4ller att ditt v\u00e4ggf\u00e4ste ser nytt ut \u00e5r efter \u00e5r.<\/p>\n<p>Med en enkel installation och ett str\u00f6mlinjeformat design, \u00e4r v\u00e5rt v\u00e4ggf\u00e4ste light f\u00f6r snow racers det optimala valet f\u00f6r att effektivisera din f\u00f6rvaring och skydda din utrustning. S\u00e4g adj\u00f6 till oordning och v\u00e4lkomna en mer organiserad och snygg vinterhobby. Best\u00e4ll ditt exemplar idag och upplev skillnaden!<\/p>\n","protected":false},"excerpt":{"rendered":"<p><img loading=\"lazy\" decoding=\"async\" class=\"alignnone size-medium wp-image-280\" src=\"https:\/\/3d8.se\/wp-content\/uploads\/2023\/12\/img_0558-281x300.jpg\" alt=\"\" width=\"281\" height=\"300\" srcset=\"https:\/\/3d8.se\/wp-content\/uploads\/2023\/12\/img_0558-281x300.jpg 281w, https:\/\/3d8.se\/wp-content\/uploads\/2023\/12\/img_0558-961x1024.jpg 961w, https:\/\/3d8.se\/wp-content\/uploads\/2023\/12\/img_0558-768x819.jpg 768w, https:\/\/3d8.se\/wp-content\/uploads\/2023\/12\/img_0558-1441x1536.jpg 1441w, https:\/\/3d8.se\/wp-content\/uploads\/2023\/12\/img_0558-1921x2048.jpg 1921w, https:\/\/3d8.se\/wp-content\/uploads\/2023\/12\/img_0558-600x640.jpg 600w\" sizes=\"auto, (max-width: 281px) 100vw, 281px\" \/> \u00a0<img loading=\"lazy\" decoding=\"async\" class=\"alignnone size-medium wp-image-279\" src=\"https:\/\/3d8.se\/wp-content\/uploads\/2023\/12\/img_0560-175x300.jpg\" alt=\"\" width=\"175\" height=\"300\" srcset=\"https:\/\/3d8.se\/wp-content\/uploads\/2023\/12\/img_0560-175x300.jpg 175w, https:\/\/3d8.se\/wp-content\/uploads\/2023\/12\/img_0560-597x1024.jpg 597w, https:\/\/3d8.se\/wp-content\/uploads\/2023\/12\/img_0560-768x1317.jpg 768w, https:\/\/3d8.se\/wp-content\/uploads\/2023\/12\/img_0560-896x1536.jpg 896w, https:\/\/3d8.se\/wp-content\/uploads\/2023\/12\/img_0560-1195x2048.jpg 1195w, https:\/\/3d8.se\/wp-content\/uploads\/2023\/12\/img_0560-600x1029.jpg 600w, https:\/\/3d8.se\/wp-content\/uploads\/2023\/12\/img_0560.jpg 1442w\" sizes=\"auto, (max-width: 175px) 100vw, 175px\" \/> \u00a0<img loading=\"lazy\" decoding=\"async\" class=\"alignnone size-medium wp-image-278\" src=\"https:\/\/3d8.se\/wp-content\/uploads\/2023\/12\/img_0557-300x210.jpg\" alt=\"\" width=\"300\" height=\"210\" srcset=\"https:\/\/3d8.se\/wp-content\/uploads\/2023\/12\/img_0557-300x210.jpg 300w, https:\/\/3d8.se\/wp-content\/uploads\/2023\/12\/img_0557-1024x716.jpg 1024w, https:\/\/3d8.se\/wp-content\/uploads\/2023\/12\/img_0557-768x537.jpg 768w, https:\/\/3d8.se\/wp-content\/uploads\/2023\/12\/img_0557-1536x1074.jpg 1536w, https:\/\/3d8.se\/wp-content\/uploads\/2023\/12\/img_0557-2048x1432.jpg 2048w, https:\/\/3d8.se\/wp-content\/uploads\/2023\/12\/img_0557-600x419.jpg 600w\" sizes=\"auto, (max-width: 300px) 100vw, 300px\" \/> \u00a0 <img loading=\"lazy\" decoding=\"async\" class=\"alignnone size-medium wp-image-277\" src=\"https:\/\/3d8.se\/wp-content\/uploads\/2023\/12\/img_0559-273x300.jpg\" alt=\"\" width=\"273\" height=\"300\" srcset=\"https:\/\/3d8.se\/wp-content\/uploads\/2023\/12\/img_0559-273x300.jpg 273w, https:\/\/3d8.se\/wp-content\/uploads\/2023\/12\/img_0559-931x1024.jpg 931w, https:\/\/3d8.se\/wp-content\/uploads\/2023\/12\/img_0559-768x845.jpg 768w, https:\/\/3d8.se\/wp-content\/uploads\/2023\/12\/img_0559-1396x1536.jpg 1396w, https:\/\/3d8.se\/wp-content\/uploads\/2023\/12\/img_0559-1862x2048.jpg 1862w, https:\/\/3d8.se\/wp-content\/uploads\/2023\/12\/img_0559-600x660.jpg 600w, https:\/\/3d8.se\/wp-content\/uploads\/2023\/12\/img_0559.jpg 1902w\" sizes=\"auto, (max-width: 273px) 100vw, 273px\" \/><\/p>\n","protected":false},"featured_media":310,"comment_status":"open","ping_status":"closed","template":"","meta":[],"product_brand":[],"product_cat":[16],"product_tag":[],"class_list":{"0":"post-282","1":"product","2":"type-product","3":"status-publish","4":"has-post-thumbnail","6":"product_cat-okategoriserad","8":"first","9":"instock","10":"taxable","11":"shipping-taxable","12":"purchasable","13":"product-type-simple"},"jetpack_sharing_enabled":true,"_links":{"self":[{"href":"https:\/\/3d8.se\/index.php?rest_route=\/wp\/v2\/product\/282","targetHints":{"allow":["GET"]}}],"collection":[{"href":"https:\/\/3d8.se\/index.php?rest_route=\/wp\/v2\/product"}],"about":[{"href":"https:\/\/3d8.se\/index.php?rest_route=\/wp\/v2\/types\/product"}],"replies":[{"embeddable":true,"href":"https:\/\/3d8.se\/index.php?rest_route=%2Fwp%2Fv2%2Fcomments&post=282"}],"wp:featuredmedia":[{"embeddable":true,"href":"https:\/\/3d8.se\/index.php?rest_route=\/wp\/v2\/media\/310"}],"wp:attachment":[{"href":"https:\/\/3d8.se\/index.php?rest_route=%2Fwp%2Fv2%2Fmedia&parent=282"}],"wp:term":[{"taxonomy":"product_brand","embeddable":true,"href":"https:\/\/3d8.se\/index.php?rest_route=%2Fwp%2Fv2%2Fproduct_brand&post=282"},{"taxonomy":"product_cat","embeddable":true,"href":"https:\/\/3d8.se\/index.php?rest_route=%2Fwp%2Fv2%2Fproduct_cat&post=282"},{"taxonomy":"product_tag","embeddable":true,"href":"https:\/\/3d8.se\/index.php?rest_route=%2Fwp%2Fv2%2Fproduct_tag&post=282"}],"curies":[{"name":"wp","href":"https:\/\/api.w.org\/{rel}","templated":true}]}}