{"id":174,"date":"2023-04-04T12:54:45","date_gmt":"2023-04-04T12:54:45","guid":{"rendered":"https:\/\/3d8.se\/?post_type=product&#038;p=174"},"modified":"2023-04-13T13:21:20","modified_gmt":"2023-04-13T13:21:20","slug":"golvbrunnssil-for-purus-klinkerram-163-mm-2","status":"publish","type":"product","link":"https:\/\/3d8.se\/?product=golvbrunnssil-for-purus-klinkerram-163-mm-2","title":{"rendered":"Golvbrunnssil Nemo f\u00f6r Purus klinkerram 163 mm"},"content":{"rendered":"<p><img loading=\"lazy\" decoding=\"async\" class=\"alignnone size-medium wp-image-154\" src=\"https:\/\/3d8.se\/wp-content\/uploads\/2023\/04\/img_2248-281x300.jpg\" alt=\"\" width=\"281\" height=\"300\" srcset=\"https:\/\/3d8.se\/wp-content\/uploads\/2023\/04\/img_2248-281x300.jpg 281w, https:\/\/3d8.se\/wp-content\/uploads\/2023\/04\/img_2248-958x1024.jpg 958w, https:\/\/3d8.se\/wp-content\/uploads\/2023\/04\/img_2248-768x821.jpg 768w, https:\/\/3d8.se\/wp-content\/uploads\/2023\/04\/img_2248-1436x1536.jpg 1436w, https:\/\/3d8.se\/wp-content\/uploads\/2023\/04\/img_2248-1915x2048.jpg 1915w, https:\/\/3d8.se\/wp-content\/uploads\/2023\/04\/img_2248-1320x1412.jpg 1320w, https:\/\/3d8.se\/wp-content\/uploads\/2023\/04\/img_2248-600x642.jpg 600w, https:\/\/3d8.se\/wp-content\/uploads\/2023\/04\/img_2248.jpg 2033w\" sizes=\"auto, (max-width: 281px) 100vw, 281px\" \/> <img loading=\"lazy\" decoding=\"async\" class=\"alignnone size-medium wp-image-152\" src=\"https:\/\/3d8.se\/wp-content\/uploads\/2023\/04\/img_2249-283x300.jpg\" alt=\"\" width=\"283\" height=\"300\" srcset=\"https:\/\/3d8.se\/wp-content\/uploads\/2023\/04\/img_2249-283x300.jpg 283w, https:\/\/3d8.se\/wp-content\/uploads\/2023\/04\/img_2249-967x1024.jpg 967w, https:\/\/3d8.se\/wp-content\/uploads\/2023\/04\/img_2249-768x814.jpg 768w, https:\/\/3d8.se\/wp-content\/uploads\/2023\/04\/img_2249-1450x1536.jpg 1450w, https:\/\/3d8.se\/wp-content\/uploads\/2023\/04\/img_2249-1320x1398.jpg 1320w, https:\/\/3d8.se\/wp-content\/uploads\/2023\/04\/img_2249-600x636.jpg 600w, https:\/\/3d8.se\/wp-content\/uploads\/2023\/04\/img_2249.jpg 1917w\" sizes=\"auto, (max-width: 283px) 100vw, 283px\" \/> <img loading=\"lazy\" decoding=\"async\" class=\"alignnone size-medium wp-image-124\" src=\"https:\/\/3d8.se\/wp-content\/uploads\/2023\/04\/img_2250-300x98.jpg\" alt=\"\" width=\"300\" height=\"98\" srcset=\"https:\/\/3d8.se\/wp-content\/uploads\/2023\/04\/img_2250-300x98.jpg 300w, https:\/\/3d8.se\/wp-content\/uploads\/2023\/04\/img_2250-1024x334.jpg 1024w, https:\/\/3d8.se\/wp-content\/uploads\/2023\/04\/img_2250-768x250.jpg 768w, https:\/\/3d8.se\/wp-content\/uploads\/2023\/04\/img_2250-1536x501.jpg 1536w, https:\/\/3d8.se\/wp-content\/uploads\/2023\/04\/img_2250-2048x668.jpg 2048w, https:\/\/3d8.se\/wp-content\/uploads\/2023\/04\/img_2250-1320x430.jpg 1320w, https:\/\/3d8.se\/wp-content\/uploads\/2023\/04\/img_2250-600x196.jpg 600w\" sizes=\"auto, (max-width: 300px) 100vw, 300px\" \/><\/p>\n<p>Golvbrunnssil\/Duschbrunnsil passar Purus 163mm klinkerram<\/p>\n<p>Golvbrunnssil h\u00e4r \u00e4r en sil i plast som passar alla Purus golvbrunnar med sildimension 163 mm i diameter. Den \u00e4r utformad s\u00e5 d\u00e4r inte blir n\u00e5got kvarst\u00e5ende vatten runt silen.<\/p>\n<p>&nbsp;<\/p>\n","protected":false},"excerpt":{"rendered":"<p>Golvbrunnssil\/Duschbrunnsil passar Purus 163mm klinkerram Golvbrunnssil h\u00e4r \u00e4r en sil i plast som passar alla Purus golvbrunnar med sildimension 163 mm i diameter. Den \u00e4r utformad s\u00e5 d\u00e4r inte blir n\u00e5got kvarst\u00e5ende vatten runt silen. &nbsp;<\/p>\n","protected":false},"featured_media":175,"comment_status":"open","ping_status":"closed","template":"","meta":[],"product_brand":[],"product_cat":[28],"product_tag":[],"class_list":{"0":"post-174","1":"product","2":"type-product","3":"status-publish","4":"has-post-thumbnail","6":"product_cat-golvbrun","8":"first","9":"instock","10":"taxable","11":"shipping-taxable","12":"purchasable","13":"product-type-simple"},"jetpack_sharing_enabled":true,"_links":{"self":[{"href":"https:\/\/3d8.se\/index.php?rest_route=\/wp\/v2\/product\/174","targetHints":{"allow":["GET"]}}],"collection":[{"href":"https:\/\/3d8.se\/index.php?rest_route=\/wp\/v2\/product"}],"about":[{"href":"https:\/\/3d8.se\/index.php?rest_route=\/wp\/v2\/types\/product"}],"replies":[{"embeddable":true,"href":"https:\/\/3d8.se\/index.php?rest_route=%2Fwp%2Fv2%2Fcomments&post=174"}],"wp:featuredmedia":[{"embeddable":true,"href":"https:\/\/3d8.se\/index.php?rest_route=\/wp\/v2\/media\/175"}],"wp:attachment":[{"href":"https:\/\/3d8.se\/index.php?rest_route=%2Fwp%2Fv2%2Fmedia&parent=174"}],"wp:term":[{"taxonomy":"product_brand","embeddable":true,"href":"https:\/\/3d8.se\/index.php?rest_route=%2Fwp%2Fv2%2Fproduct_brand&post=174"},{"taxonomy":"product_cat","embeddable":true,"href":"https:\/\/3d8.se\/index.php?rest_route=%2Fwp%2Fv2%2Fproduct_cat&post=174"},{"taxonomy":"product_tag","embeddable":true,"href":"https:\/\/3d8.se\/index.php?rest_route=%2Fwp%2Fv2%2Fproduct_tag&post=174"}],"curies":[{"name":"wp","href":"https:\/\/api.w.org\/{rel}","templated":true}]}}