{"id":166,"date":"2023-04-02T12:55:14","date_gmt":"2023-04-02T12:55:14","guid":{"rendered":"https:\/\/3d8.se\/?post_type=product&#038;p=166"},"modified":"2023-04-13T13:21:20","modified_gmt":"2023-04-13T13:21:20","slug":"dragkroksskydd-dalahast-bla","status":"publish","type":"product","link":"https:\/\/3d8.se\/?product=dragkroksskydd-dalahast-bla","title":{"rendered":"Dragkroksskydd dalah\u00e4st Bl\u00e5"},"content":{"rendered":"<p>Dragkroksskydd Dalah\u00e4st 50mm kula<\/p>\n<p>H\u00f6jd ca 175 mm<br \/>\nL\u00e4ngd ca 170 mm<br \/>\nBredd ca 60 mm<\/p>\n<p>&nbsp;<\/p>\n<p><img loading=\"lazy\" decoding=\"async\" class=\"alignnone size-medium wp-image-149\" src=\"https:\/\/3d8.se\/wp-content\/uploads\/2023\/04\/img_2254-1-300x282.jpg\" alt=\"\" width=\"300\" height=\"282\" srcset=\"https:\/\/3d8.se\/wp-content\/uploads\/2023\/04\/img_2254-1-300x282.jpg 300w, https:\/\/3d8.se\/wp-content\/uploads\/2023\/04\/img_2254-1-1024x962.jpg 1024w, https:\/\/3d8.se\/wp-content\/uploads\/2023\/04\/img_2254-1-768x722.jpg 768w, https:\/\/3d8.se\/wp-content\/uploads\/2023\/04\/img_2254-1-1536x1444.jpg 1536w, https:\/\/3d8.se\/wp-content\/uploads\/2023\/04\/img_2254-1-2048x1925.jpg 2048w, https:\/\/3d8.se\/wp-content\/uploads\/2023\/04\/img_2254-1-1320x1241.jpg 1320w, https:\/\/3d8.se\/wp-content\/uploads\/2023\/04\/img_2254-1-600x564.jpg 600w\" sizes=\"auto, (max-width: 300px) 100vw, 300px\" \/> <img loading=\"lazy\" decoding=\"async\" class=\"alignnone size-medium wp-image-145\" src=\"https:\/\/3d8.se\/wp-content\/uploads\/2023\/04\/img_2255-1-275x300.jpg\" alt=\"\" width=\"275\" height=\"300\" srcset=\"https:\/\/3d8.se\/wp-content\/uploads\/2023\/04\/img_2255-1-275x300.jpg 275w, https:\/\/3d8.se\/wp-content\/uploads\/2023\/04\/img_2255-1-938x1024.jpg 938w, https:\/\/3d8.se\/wp-content\/uploads\/2023\/04\/img_2255-1-768x838.jpg 768w, https:\/\/3d8.se\/wp-content\/uploads\/2023\/04\/img_2255-1-1407x1536.jpg 1407w, https:\/\/3d8.se\/wp-content\/uploads\/2023\/04\/img_2255-1-1876x2048.jpg 1876w, https:\/\/3d8.se\/wp-content\/uploads\/2023\/04\/img_2255-1-1320x1441.jpg 1320w, https:\/\/3d8.se\/wp-content\/uploads\/2023\/04\/img_2255-1-600x655.jpg 600w\" sizes=\"auto, (max-width: 275px) 100vw, 275px\" \/><\/p>\n","protected":false},"excerpt":{"rendered":"<p>K\u00f6p ett snyggt dragkroksskydd till din bil, tillverkat i Polyetylentereftalat(Plast).<\/p>\n<p>&nbsp;<\/p>\n<h2><\/h2>\n","protected":false},"featured_media":149,"comment_status":"open","ping_status":"closed","template":"","meta":[],"product_brand":[],"product_cat":[20],"product_tag":[25,22,23,24,21],"class_list":{"0":"post-166","1":"product","2":"type-product","3":"status-publish","4":"has-post-thumbnail","6":"product_cat-dalahastar","7":"product_tag-50mm","8":"product_tag-dalahast","9":"product_tag-dragkrok","10":"product_tag-dragkroksskydd","11":"product_tag-hast","13":"first","14":"instock","15":"taxable","16":"shipping-taxable","17":"purchasable","18":"product-type-simple"},"jetpack_sharing_enabled":true,"_links":{"self":[{"href":"https:\/\/3d8.se\/index.php?rest_route=\/wp\/v2\/product\/166","targetHints":{"allow":["GET"]}}],"collection":[{"href":"https:\/\/3d8.se\/index.php?rest_route=\/wp\/v2\/product"}],"about":[{"href":"https:\/\/3d8.se\/index.php?rest_route=\/wp\/v2\/types\/product"}],"replies":[{"embeddable":true,"href":"https:\/\/3d8.se\/index.php?rest_route=%2Fwp%2Fv2%2Fcomments&post=166"}],"wp:featuredmedia":[{"embeddable":true,"href":"https:\/\/3d8.se\/index.php?rest_route=\/wp\/v2\/media\/149"}],"wp:attachment":[{"href":"https:\/\/3d8.se\/index.php?rest_route=%2Fwp%2Fv2%2Fmedia&parent=166"}],"wp:term":[{"taxonomy":"product_brand","embeddable":true,"href":"https:\/\/3d8.se\/index.php?rest_route=%2Fwp%2Fv2%2Fproduct_brand&post=166"},{"taxonomy":"product_cat","embeddable":true,"href":"https:\/\/3d8.se\/index.php?rest_route=%2Fwp%2Fv2%2Fproduct_cat&post=166"},{"taxonomy":"product_tag","embeddable":true,"href":"https:\/\/3d8.se\/index.php?rest_route=%2Fwp%2Fv2%2Fproduct_tag&post=166"}],"curies":[{"name":"wp","href":"https:\/\/api.w.org\/{rel}","templated":true}]}}